{"id":627,"date":"2024-12-04T11:22:38","date_gmt":"2024-12-04T11:22:38","guid":{"rendered":"http:\/\/bip.zwikbystrzyca.pl\/?page_id=627"},"modified":"2025-01-09T08:28:09","modified_gmt":"2025-01-09T08:28:09","slug":"ubezpieczenie-majatku-i-innych-interesow-zwik","status":"publish","type":"page","link":"http:\/\/bip.zwikbystrzyca.pl\/?page_id=627","title":{"rendered":"Ubezpieczenie maj\u0105tku i innych interes\u00f3w ZWiK"},"content":{"rendered":"<p style=\"text-align: right;\"><span style=\"color: #ff0000;\">AKTUALIZACJA, 08.01.2025 R.<\/span><\/p>\n<p style=\"text-align: center;\"><strong>UBEZPIECZENIE MAJ\u0104TKU I INNYCH INTERES\u00d3W<\/strong><br \/>\n<strong>ZAK\u0141ADU WODOCI\u0104G\u00d3W I KANALIZACJI<\/strong><br \/>\n<strong>SP\u00d3\u0141KA Z OGRANICZON\u0104 ODPOWIEDZIALNO\u015aCI\u0104 <\/strong><br \/>\n<strong>W BYSTRZYCY K\u0141ODZKIEJ<\/strong><\/p>\n<p style=\"text-align: center;\"><a href=\"https:\/\/serwer1880945.home.pl\/pliki\/UBEZPIECZENIE2024-2025\/ogloszenie-wynik.pdf\"><span style=\"color: #800000;\">OG\u0141OSZENIE O WYNIKU POST\u0118POWANIA<\/span><\/a><\/p>\n<p>&nbsp;<\/p>\n<hr \/>\n<p style=\"text-align: right;\"><span style=\"color: #ff0000;\">AKTUALIZACJA 17.12.2024 R.<\/span><\/p>\n<p style=\"text-align: center;\"><strong>UBEZPIECZENIE MAJ\u0104TKU I INNYCH INTERES\u00d3W<\/strong><br \/>\n<strong>ZAK\u0141ADU WODOCI\u0104G\u00d3W I KANALIZACJI<\/strong><br \/>\n<strong>SP\u00d3\u0141KA Z OGRANICZON\u0104 ODPOWIEDZIALNO\u015aCI\u0104 <\/strong><br \/>\n<strong>W BYSTRZYCY K\u0141ODZKIEJ<\/strong><\/p>\n<p style=\"text-align: center;\"><a href=\"https:\/\/serwer1880945.home.pl\/pliki\/UBEZPIECZENIE2024-2025\/inf_wybor_oferty_17122024.pdf\"><span style=\"color: #800000;\">INFORMACJA O WYBORZE OFERTY<\/span><\/a><\/p>\n<p style=\"text-align: center;\"><span style=\"color: #800000;\"><a style=\"color: #800000;\" href=\"https:\/\/serwer1880945.home.pl\/pliki\/UBEZPIECZENIE2024-2025\/zaw_uniewaznienie_17122024.pdf\">ZAWIADOMIENIE O UNIEWA\u017bNIENIU POST\u0118POWANIA<\/a><\/span><\/p>\n<p>&nbsp;<\/p>\n<hr \/>\n<p style=\"text-align: right;\"><span style=\"color: #ff0000;\">AKTUALIZACJA 12.12.2024 R.<\/span><\/p>\n<p style=\"text-align: center;\"><strong>UBEZPIECZENIE MAJ\u0104TKU I INNYCH INTERES\u00d3W<\/strong><br \/>\n<strong>ZAK\u0141ADU WODOCI\u0104G\u00d3W I KANALIZACJI<\/strong><br \/>\n<strong>SP\u00d3\u0141KA Z OGRANICZON\u0104 ODPOWIEDZIALNO\u015aCI\u0104 <\/strong><br \/>\n<strong>W BYSTRZYCY K\u0141ODZKIEJ<\/strong><\/p>\n<p style=\"text-align: center;\"><a href=\"https:\/\/serwer1880945.home.pl\/pliki\/UBEZPIECZENIE2024-2025\/kwota12122024.pdf\"><span style=\"color: #800000;\">INFORMACJA O KWOCIE PRZEZNACZONEJ NA SFINANSOWANIE ZAM\u00d3WIENIA<\/span><\/a><\/p>\n<p style=\"text-align: center;\"><a href=\"https:\/\/serwer1880945.home.pl\/pliki\/UBEZPIECZENIE2024-2025\/Inf_otwarcie_ofert12122024.pdf\"><span style=\"color: #800000;\">INFORMACJA Z OTWARCIA OFERT<\/span><\/a><\/p>\n<p>&nbsp;<\/p>\n<hr \/>\n<p style=\"text-align: right;\"><span style=\"color: #ff0000;\">AKTUALIZACJA 06.12.2024 R.<\/span><\/p>\n<p style=\"text-align: center;\"><strong>UBEZPIECZENIE MAJ\u0104TKU I INNYCH INTERES\u00d3W<\/strong><br \/>\n<strong>ZAK\u0141ADU WODOCI\u0104G\u00d3W I KANALIZACJI<\/strong><br \/>\n<strong>SP\u00d3\u0141KA Z OGRANICZON\u0104 ODPOWIEDZIALNO\u015aCI\u0104 <\/strong><br \/>\n<strong>W BYSTRZYCY K\u0141ODZKIEJ<\/strong><\/p>\n<p style=\"text-align: center;\"><a href=\"https:\/\/serwer1880945.home.pl\/pliki\/UBEZPIECZENIE2024-2025\/odpowiedzi_na_pytania06.12.2024.pdf\"><span style=\"color: #800000;\">ODPOWIEDZI NA PYTANIA<\/span><\/a><\/p>\n<p style=\"text-align: center;\"><span style=\"color: #800000;\"><a style=\"color: #800000;\" href=\"https:\/\/serwer1880945.home.pl\/pliki\/UBEZPIECZENIE2024-2025\/zalacznik_nr_1e_korekta06122024.xlsx\">ZA\u0141\u0104CZNIK NR 1e DO SWZ &#8211; KOREKTA<\/a><\/span><\/p>\n<p>&nbsp;<\/p>\n<div class=\"entry-content\">\n<hr \/>\n<p style=\"text-align: right;\"><span style=\"color: #ff0000;\">04.12.2024 R.<\/span><\/p>\n<p style=\"text-align: center;\"><strong>UBEZPIECZENIE MAJ\u0104TKU I INNYCH INTERES\u00d3W<\/strong><br \/>\n<strong>ZAK\u0141ADU WODOCI\u0104G\u00d3W I KANALIZACJI<\/strong><br \/>\n<strong>SP\u00d3\u0141KA Z OGRANICZON\u0104 ODPOWIEDZIALNO\u015aCI\u0104 <\/strong><br \/>\n<strong>W BYSTRZYCY K\u0141ODZKIEJ<\/strong><\/p>\n<p style=\"text-align: center;\"><a href=\"https:\/\/serwer1880945.home.pl\/pliki\/UBEZPIECZENIE2024-2025\/ogloszenie_o_zam04122024.pdf\"><span style=\"color: #800000;\">OG\u0141OSZENIE O ZAM\u00d3WIENIU<\/span><\/a><\/p>\n<p style=\"text-align: center;\"><span style=\"color: #800000;\"><a style=\"color: #800000;\" href=\"https:\/\/serwer1880945.home.pl\/pliki\/UBEZPIECZENIE2024-2025\/swz04122024.docx\">SPECYFIKACJA WARUNK\u00d3W ZAM\u00d3WIENIA<\/a><\/span><\/p>\n<p style=\"text-align: center;\"><span style=\"color: #800000;\"><a style=\"color: #800000;\" href=\"https:\/\/serwer1880945.home.pl\/pliki\/UBEZPIECZENIE2024-2025\/opz04122024.docx\">OPIS PRZEDMIOTU ZAM\u00d3WIENIA<\/a><\/span><\/p>\n<p style=\"text-align: center;\"><span style=\"color: #800000;\"><a style=\"color: #800000;\" href=\"https:\/\/serwer1880945.home.pl\/pliki\/UBEZPIECZENIE2024-2025\/zalacznik_nr_1e_do_swz04122024.xlsx\">ZA\u0141\u0104CZNIK NR 1E DO SWZ<\/a><\/span><\/p>\n<p style=\"text-align: center;\"><strong>Adres strony internetowej prowadzonego post\u0119powania:<\/strong><\/p>\n<p style=\"text-align: center;\"><a href=\"https:\/\/ezamowienia.gov.pl\/mp-client\/search\/list\/ocds-148610-9436bba8-e9a6-4b15-beb2-ec4300980379\"><span style=\"color: #800000;\">https:\/\/ezamowienia.gov.pl\/mp-client\/search\/list\/ocds-148610-9436bba8-e9a6-4b15-beb2-ec4300980379<\/span><\/a><\/p>\n<p style=\"text-align: center;\"><strong>WSZELKIE PYTANIA DOTYCZ\u0104CE W\/W POST\u0118POWANIA<\/strong><br \/>\n<strong>PROSIMY KIEROWA\u0106 NA ADRES:<\/strong><\/p>\n<p style=\"text-align: center;\">sekretariat@zwikbystrzyca.pl<\/p>\n<p><span style=\"color: #ff0000;\"><strong>W celu z\u0142o\u017cenia oferty nale\u017cy post\u0119powa\u0107 zgodnie z poni\u017cszymi wskaz\u00f3wkami:<\/strong><\/span><br \/>\n<span style=\"color: #ff0000;\"><strong>1) wybra\u0107 stron\u0119 internetow\u0105 prowadzonego post\u0119powania, zalogowa\u0107 si\u0119 na platform\u0119 e-Zam\u00f3wienia a nast\u0119pnie przej\u015b\u0107<\/strong><\/span><br \/>\n<span style=\"color: #ff0000;\"><strong>do zak\u0142adki \u201eOferty\/wnioski\u201d widocznej w podgl\u0105dzie post\u0119powania,<\/strong><\/span><br \/>\n<span style=\"color: #ff0000;\"><strong>2) po wybraniu przycisku \u201eZ\u0142\u00f3\u017c ofert\u0119\u201d uka\u017c\u0105 si\u0119 wykonawcy dwa pola, tj.:<\/strong><\/span><br \/>\n<span style=\"color: #ff0000;\"><strong>a) \u201eWype\u0142niony formularz oferty\u201d<\/strong><\/span><br \/>\n<span style=\"color: #ff0000;\"><strong>b) \u201eZa\u0142\u0105czniki i inne dokumenty przedstawiane w ofercie przez Wykonawc\u0119\u201d.<\/strong><\/span><br \/>\n<span style=\"color: #ff0000;\"><strong>3) wykonawca dodaje wybrany z dysku i uprzednio podpisany formularz oferty w pierwszym polu (\u201eWype\u0142niony formularz<\/strong><\/span><br \/>\n<span style=\"color: #ff0000;\"><strong>oferty\u201d). W kolejnym polu (\u201eZa\u0142\u0105czniki i inne dokumenty przedstawione w ofercie przez Wykonawc\u0119\u201d) wykonawca dodaje<\/strong><strong>pozosta\u0142e pliki sk\u0142adane wraz z ofert\u0105. Nast\u0119pnie wybiera przycisk \u201eWy\u015blij pliki i z\u0142\u00f3\u017c ofert\u0119\u201d,<\/strong><\/span><br \/>\n<span style=\"color: #ff0000;\"><strong>4) je\u017celi wraz z ofert\u0105 sk\u0142adane s\u0105 dokumenty zawieraj\u0105ce tajemnic\u0119 przedsi\u0119biorstwa wykonawca, w celu utrzymania w <\/strong><strong>poufno\u015bci tych informacji, przekazuje je w wydzielonym i odpowiednio oznaczonym pliku, wraz z jednoczesnym<\/strong><\/span><br \/>\n<span style=\"color: #ff0000;\"><strong>zaznaczeniem w nazwie pliku \u201eDokument stanowi\u0105cy tajemnic\u0119 przedsi\u0119biorstwa\u201d. Zar\u00f3wno za\u0142\u0105cznik stanowi\u0105cy tajemnic\u0119<\/strong><\/span><br \/>\n<span style=\"color: #ff0000;\"><strong>przedsi\u0119biorstwa, jak i uzasadnienie zastrze\u017cenia tajemnicy przedsi\u0119biorstwa, nale\u017cy doda\u0107 w polu \u201eZa\u0142\u0105czniki i inne<\/strong><\/span><br \/>\n<span style=\"color: #ff0000;\"><strong>dokumenty przedstawione w ofercie przez Wykonawc\u0119\u201d.<\/strong><\/span><br \/>\n<span style=\"color: #ff0000;\"><strong>5) system sprawdza, czy z\u0142o\u017cone pliki s\u0105 podpisane i automatycznie je szyfruje, jednocze\u015bnie informuj\u0105c o tym wykonawc\u0119.<\/strong><\/span><br \/>\n<span style=\"color: #ff0000;\"><strong>Potwierdzenie czasu przekazania i odbioru oferty znajduje si\u0119 w Elektronicznym Potwierdzeniu Przes\u0142ania (EPP) i<\/strong><\/span><br \/>\n<span style=\"color: #ff0000;\"><strong>Elektronicznym Potwierdzeniu Odebrania (EPO). EPP i EPO dost\u0119pne s\u0105 dla zalogowanego wykonawcy w zak\u0142adce <\/strong><strong>\u201eOferty\/Wnioski\u201d.<\/strong><\/span><br \/>\n<span style=\"color: #ff0000;\"><strong>3. Oferta mo\u017ce by\u0107 z\u0142o\u017cona tylko do up\u0142ywu terminu sk\u0142adania ofert.<\/strong><\/span><br \/>\n<span style=\"color: #ff0000;\"><strong>4. Wykonawca mo\u017ce przed up\u0142ywem terminu sk\u0142adania ofert wycofa\u0107 ofert\u0119. Wykonawca wycofuje ofert\u0119 w zak\u0142adce <\/strong><strong>\u201eOferty\/wnioski\u201d u\u017cywaj\u0105c przycisku \u201eWycofaj ofert\u0119\u201d.<\/strong><\/span><br \/>\n<span style=\"color: #ff0000;\"><strong>5. Maksymalny \u0142\u0105czny rozmiar plik\u00f3w stanowi\u0105cych ofert\u0119 lub sk\u0142adanych wraz z ofert\u0105 to 250 MB.<\/strong><\/span><br \/>\n<span style=\"color: #ff0000;\"><strong>6. O terminie z\u0142o\u017cenia oferty decyduje czas otrzymania zaszyfrowanego pliku oferty przez platform\u0119 e-Zam\u00f3wienia.<\/strong><\/span><\/p>\n<\/div>\n","protected":false},"excerpt":{"rendered":"<p>AKTUALIZACJA, 08.01.2025 R. UBEZPIECZENIE MAJ\u0104TKU I INNYCH INTERES\u00d3W ZAK\u0141ADU WODOCI\u0104G\u00d3W I KANALIZACJI SP\u00d3\u0141KA Z OGRANICZON\u0104 ODPOWIEDZIALNO\u015aCI\u0104 W BYSTRZYCY K\u0141ODZKIEJ OG\u0141OSZENIE O WYNIKU POST\u0118POWANIA &nbsp; AKTUALIZACJA 17.12.2024 R. UBEZPIECZENIE MAJ\u0104TKU I INNYCH INTERES\u00d3W ZAK\u0141ADU WODOCI\u0104G\u00d3W I KANALIZACJI SP\u00d3\u0141KA Z OGRANICZON\u0104 ODPOWIEDZIALNO\u015aCI\u0104 W BYSTRZYCY K\u0141ODZKIEJ INFORMACJA O WYBORZE OFERTY ZAWIADOMIENIE O UNIEWA\u017bNIENIU POST\u0118POWANIA &nbsp; AKTUALIZACJA 12.12.2024 R. &hellip; <a href=\"http:\/\/bip.zwikbystrzyca.pl\/?page_id=627\" class=\"more-link\">Czytaj dalej <span class=\"screen-reader-text\">Ubezpieczenie maj\u0105tku i innych interes\u00f3w ZWiK<\/span><\/a><\/p>\n","protected":false},"author":1,"featured_media":0,"parent":379,"menu_order":1,"comment_status":"closed","ping_status":"closed","template":"","meta":{"_lmt_disableupdate":"no","_lmt_disable":"no","footnotes":""},"class_list":["post-627","page","type-page","status-publish","hentry"],"_links":{"self":[{"href":"http:\/\/bip.zwikbystrzyca.pl\/index.php?rest_route=\/wp\/v2\/pages\/627","targetHints":{"allow":["GET"]}}],"collection":[{"href":"http:\/\/bip.zwikbystrzyca.pl\/index.php?rest_route=\/wp\/v2\/pages"}],"about":[{"href":"http:\/\/bip.zwikbystrzyca.pl\/index.php?rest_route=\/wp\/v2\/types\/page"}],"author":[{"embeddable":true,"href":"http:\/\/bip.zwikbystrzyca.pl\/index.php?rest_route=\/wp\/v2\/users\/1"}],"replies":[{"embeddable":true,"href":"http:\/\/bip.zwikbystrzyca.pl\/index.php?rest_route=%2Fwp%2Fv2%2Fcomments&post=627"}],"version-history":[{"count":2,"href":"http:\/\/bip.zwikbystrzyca.pl\/index.php?rest_route=\/wp\/v2\/pages\/627\/revisions"}],"predecessor-version":[{"id":630,"href":"http:\/\/bip.zwikbystrzyca.pl\/index.php?rest_route=\/wp\/v2\/pages\/627\/revisions\/630"}],"up":[{"embeddable":true,"href":"http:\/\/bip.zwikbystrzyca.pl\/index.php?rest_route=\/wp\/v2\/pages\/379"}],"wp:attachment":[{"href":"http:\/\/bip.zwikbystrzyca.pl\/index.php?rest_route=%2Fwp%2Fv2%2Fmedia&parent=627"}],"curies":[{"name":"wp","href":"https:\/\/api.w.org\/{rel}","templated":true}]}}