{"id":123,"date":"2018-05-11T18:36:35","date_gmt":"2018-05-11T18:36:35","guid":{"rendered":"http:\/\/bip.zwikbystrzyca.pl\/?page_id=123"},"modified":"2020-01-29T08:21:56","modified_gmt":"2020-01-29T08:21:56","slug":"pois","status":"publish","type":"page","link":"http:\/\/bip.zwikbystrzyca.pl\/?page_id=123","title":{"rendered":"POI\u015a"},"content":{"rendered":"<div class=\"entry-content\">\n<ul>\n<li><span style=\"color: #800000;\"><a style=\"color: #800000;\" href=\"http:\/\/bip.zwikbystrzyca.pl\/?page_id=126\">Program Operacyjny Infrastruktura i \u015arodowisko (2007-2013)<\/a><\/span><\/li>\n<li><span style=\"color: #800000;\"><a style=\"color: #800000;\" href=\"http:\/\/bip.zwikbystrzyca.pl\/?page_id=129\">Fundusz Sp\u00f3jno\u015bci (2014-2020)<\/a><\/span><\/li>\n<li><a href=\"http:\/\/bip.zwikbystrzyca.pl\/?page_id=309\"><span style=\"color: #800000;\">Pisz\u0105 o nas<\/span><\/a><\/li>\n<\/ul>\n<\/div>\n","protected":false},"excerpt":{"rendered":"<p>Program Operacyjny Infrastruktura i \u015arodowisko (2007-2013) Fundusz Sp\u00f3jno\u015bci (2014-2020) Pisz\u0105 o nas<\/p>\n","protected":false},"author":1,"featured_media":0,"parent":0,"menu_order":0,"comment_status":"closed","ping_status":"closed","template":"","meta":{"_lmt_disableupdate":"","_lmt_disable":"","footnotes":""},"class_list":["post-123","page","type-page","status-publish","hentry"],"_links":{"self":[{"href":"http:\/\/bip.zwikbystrzyca.pl\/index.php?rest_route=\/wp\/v2\/pages\/123","targetHints":{"allow":["GET"]}}],"collection":[{"href":"http:\/\/bip.zwikbystrzyca.pl\/index.php?rest_route=\/wp\/v2\/pages"}],"about":[{"href":"http:\/\/bip.zwikbystrzyca.pl\/index.php?rest_route=\/wp\/v2\/types\/page"}],"author":[{"embeddable":true,"href":"http:\/\/bip.zwikbystrzyca.pl\/index.php?rest_route=\/wp\/v2\/users\/1"}],"replies":[{"embeddable":true,"href":"http:\/\/bip.zwikbystrzyca.pl\/index.php?rest_route=%2Fwp%2Fv2%2Fcomments&post=123"}],"version-history":[{"count":3,"href":"http:\/\/bip.zwikbystrzyca.pl\/index.php?rest_route=\/wp\/v2\/pages\/123\/revisions"}],"predecessor-version":[{"id":415,"href":"http:\/\/bip.zwikbystrzyca.pl\/index.php?rest_route=\/wp\/v2\/pages\/123\/revisions\/415"}],"wp:attachment":[{"href":"http:\/\/bip.zwikbystrzyca.pl\/index.php?rest_route=%2Fwp%2Fv2%2Fmedia&parent=123"}],"curies":[{"name":"wp","href":"https:\/\/api.w.org\/{rel}","templated":true}]}}